4*h**2 + 26*h + 9. Let w(c) = 5*c**2 + 9*c + 3. Let z(a) = 6*r(a) - 17*w(a). Let v be 96389/18766 - 6/44. What is z(v)?
-7
Let l(c) = -6*c + 696. Let s be l(115). Let w(i) = i**2 + i - 28. Give w(s).
14
Let c be 21/(-2)*(-140)/105. Suppose -69*a + c = -76*a. Let w(t) = -6*t**2 - 3 + 5 + t + 4*t**2. Give w(a).
-8
Suppose 14*a - 4399 = 53. Let q(r) = 3*r**2 + 320 - 5*r - a + 6*r**2 - r**3 - 3*r**2. Give q(4).
14
Let d(o) = -o**3 + 10*o**2 - 27*o + 133. Suppose -176*g + 501*g - 2925 = 0. Determine d(g).
-29
Suppose 0 = 5*a + 2*a - 595. Let d = a - -36. Let u = d + -131. Let y(b) = b**2 + 12*b + 8. Calculate y(u).
-12
Let a(q) = -9*q - 10. Let w(l) = 2*l. Let p = -355 + 351. Let k(v) = p*w(v) - a(v). Determine k(-9).
1
Let a(i) = -i**2 + 12*i - 4. Let d(c) = -c**2 + 12*c - 3. Let n(m) = -2*a(m) + 3*d(m). Let p be (330/195)/((-6)/(-39)). Determine n(p).
10
Suppose 15 = -10*o + 55. Let c(r) = -r + o*r + 415 + 3*r - 417. Give c(3).
16
Suppose -4 = 12*j - 8*j. Let i be 6/((-1)/(j/(-2))). Let f(p) = p**2 - 2*p - 1. Let v(a) = 4*a**2 - 6*a - 2. Let u(y) = 3*f(y) - v(y). What is u(i)?
-10
Suppose 0 = -5*r + 15, 3*i + 6*r - 4*r = 12. Suppose -4*d + 27 = 7*v - 2*v, 5*v = -2*d + 21. Let s(j) = 0*j**2 - j**2 - 2*j**2 + d*j. Calculate s(i).
-6
Suppose -3*o + 7*o - 20 = 0. Let v(q) be the first derivative of -q**4/4 + 2*q**3 - 9*q**2/2 + 11*q + 6194. What is v(o)?
-9
Let h(o) = -o**3 - 7*o**2 + 9*o + 10. Suppose 0 = 4*z + 4*l - 222 + 238, -5*l = -4*z - 52. Determine h(z).
2
Let x(m) = 2*m**2 - 2*m + 5. Let t be ((-939)/6)/(75/(-10) + 8). Let z = -313 - t. Determine x(z).
5
Suppose -5*t = -5*o + 8 + 7, 5*t + o + 45 = 0. Let u(q) = -6*q - 24. Determine u(t).
24
Suppose -4*g + 144 = 4*v, 2*v + v - 5*g = 116. Suppose -m = 45 - v. Let n(o) = o. Calculate n(m).
-8
Let t(h) be the first derivative of -1/2*h**2 - 151 + h. What is t(4)?
-3
Let t = -44 + 47. Let a(l) = -l - 3. Let s be a(t). Let h be 60/(-18)*s/(-4). Let n(g) = g**2 + 6*g. Calculate n(h).
-5
Let u(q) be the third derivative of -q**6/120 + 2*q**5/15 - q**4/6 - q**3/6 - 6*q**2 - 5*q. Suppose -50 = -377*b + 367*b. Give u(b).
54
Let g(t) = -5*t - 4. Let m be -20*(2/(-7) + (-20)/175). Suppose 0 = -2*x - 5*q - m, -4 = x - 4*q + q. Calculate g(x).
16
Let x be 0 + -4 + 6 + -3. Let b(g) be the second derivative of g**4/3 + g**3/2 + g**2 + 3484*g. Give b(x).
3
Suppose 54*u - 69*u + 13170 = 0. Let r(z) = 3*z**2 + u*z - 876*z + 2*z**2 + z**3. Give r(-4).
8
Let h = 205 + -268. Let d = h - -61. Let k(l) = -l**3 + l**2. Calculate k(d).
12
Let t(m) = -m**2 - 5*m - 4. Let n be t(-4). Suppose w + o + 1 + 0 = n, 9 = 5*w - 2*o. Let x(j) = 25*j**2 - 2*j + 1. Give x(w).
24
Let d(c) = c + 1. Let l be (-84)/(-30)*5 + 6. Suppose -l*b - 165 = 35. What is d(b)?
-9
Let j(z) = -334*z - 42. Let f(b) = 72*b + 9. Let w(d) = -14*f(d) - 3*j(d). Let g = 6 - 4. Give w(g).
-12
Let n(s) = -s**2 - 67*s - 66. Let w be n(-66). Let m(x) = 2*x**3 - x**2 + 1. Give m(w).
1
Let j(d) = -61*d**2 + 27*d - 5. Let y(h) = 97*h**2 - 41*h + 7. Let s(q) = 8*j(q) + 5*y(q). What is s(4)?
-9
Let j(y) = -y**2 - y + 49. Suppose 0 = 4*g - 0*g - 29 + 57. Calculate j(g).
7
Let v(x) = 28*x + 1023. Let k be v(-36). Let o(y) = -10*y + 145. Determine o(k).
-5
Let y(z) = -3*z**2 - 2. Suppose 3*c - 4*n = -0 - 19, 4*c - 16 = -5*n. Let d be (29 + -31)*c*2. Suppose -d*b - 1 = 3*o, 3*o = 3*b + o - 12. What is y(b)?
-14
Let x(z) = -z**2 - 9*z + 3. Let a be x(-10). Let c(n) = n**2 + 14*n - 10. Let s(p) = p**2 + 13*p - 9. Let d(u) = -4*c(u) + 5*s(u). What is d(a)?
-19
Let z be 4*(-3)/(-2) - (2 + 8). Let s(l) = l**2 - 4*l - 1. Let h be s(5). Let w(a) = -a + 2*a - a - a + h. What is w(z)?
8
Let k(h) = -7*h - 8 - 11*h - 1. What is k(-1)?
9
Suppose -40 = 6*y - 14*y. Suppose 0 = -13*r - 8 - y. Let l(p) = -4*p - 1. Calculate l(r).
3
Suppose 28*g - 434 - 42 = 0. Let m(y) = g - 56 - y + 26. What is m(-12)?
-1
Let n(p) = -464576 + 464577 - p - 3*p - p**2. What is n(-5)?
-4
Let z(k) = 1762*k - 5. Let v be z(0). Let t(g) = -g + g + 4*g + 2. Calculate t(v).
-18
Let v(y) = -21*y + 2. Let f(g) = -62*g + 5. Let c(a) = -3*f(a) + 8*v(a). Let d = -28484 + 28486. Determine c(d).
37
Let s(k) = -1 + 183*k - 2 - 325*k + 144*k + 0. Let t = 3 + 1. Let y be 1 + 10/(2 - t). Calculate s(y).
-11
Suppose -s + 2*u + 62 = 3*s, -u = s - 17. Let v be (-4)/(1*(-4 + 3)). Let g(c) = -c + s*c + c**2 + v - 10*c - c. Determine g(-4).
4
Let h(x) be the first derivative of -x**4/4 - 6*x**3 + 29*x**2 - 31*x + 3652. Give h(-21).
74
Let k(x) = x**2 + 5*x + 4. Let f be k(-3). Suppose -y - 4 = -5*y + 2*t, 5*t = -y + 12. Let b(v) = 1 - 4*v**2 - 3*v**2 - y*v + v**2 + 5*v**2. Calculate b(f).
1
Let b(v) be the first derivative of -3/2*v**2 - 7/3*v**3 - 7*v - 1/4*v**4 - 38. Let u(j) = j + 4. Let f be u(-11). Determine b(f).
14
Let i(z) be the first derivative of -z**4/4 + z**3 - 3*z - 1272. Determine i(2).
1
Let x(f) be the third derivative of 3*f**4/2 + 175*f**3/3 - 86*f**2 - f - 1. Give x(-10).
-10
Let d(w) = -2 - 2*w + w**3 + 15*w**2 - 1 - 5*w**2. Let o(u) = u**2 - 606*u - 2450. Let f be o(-4). What is d(f)?
17
Let l(k) = k**2 - 6*k - 9. Suppose -2*z - 6*y + 16 = -4*y, y = -2*z + 14. Suppose -7*x + z*x + 5*g = -33, 3*g = 5*x - 55. Give l(x).
7
Let h = 6138 - 6126. Let k(i) = i**3 - 11*i**2 - 15*i + 17. What is k(h)?
-19
Let a(n) = -3*n - 3. Let o(y) = -8*y**2 + 4*y - 3. Let c be o(4). Let b = c - -72. Let q = 40 + b. Give a(q).
6
Let w(h) = h - 2*h**2 + 3*h**2 - 5 + h. Let l = -497 + 596. Suppose l*u - 18*u - 324 = 0. Give w(u).
19
Let g(j) be the third derivative of 1/3*j**3 - 7*j - 5/24*j**4 - 3*j**2 + 0 + 1/60*j**5. What is g(5)?
2
Let g(s) = -10*s. Suppose 31 = 5*w + 61. Let h be (3 + -2)*w + (15 - 7). What is g(h)?
-20
Let k(p) = 11*p - 1. Let a be ((-325)/(-455))/(1*(-3)/(-21)). What is k(a)?
54
Let d(s) be the first derivative of -s**4/4 - 9*s**3 - 23*s**2/2 + 88*s - 261. What is d(-26)?
10
Let c(m) = 4*m. Suppose 0 = -31*d + 36*d - 20. Suppose -d = 6*k + 8. Let u be -3 + 1*(0 - 1)*k. Give c(u).
-4
Let d(h) = 16*h**2 - h + 1. Let t(r) = 3*r + 41. Let i(p) = -5*p - 62. Let n(q) = 5*i(q) + 8*t(q). Let b be n(6). Let f be b/8 + (-3)/6. Calculate d(f).
16
Let h(c) = -2*c + 6. Suppose 6*f + 24 = 18*f. Suppose -3*d - s + 26 = 0, s + 26 = 4*d - f*s. What is h(d)?
-10
Let s(i) = i**3 + 19*i**2 - 19*i + 26. Let p be s(-20). Let q be (p/9)/(16/(-168)). Let u(z) = z**3 + 6*z**2 - 9*z - 3. Determine u(q).
11
Let k be 24/(-4) + (1 - -3) + 4. Let z be (-1 + 0)/(-4 - (-10)/k). Let q(x) be the third derivative of x**5/10 - x**4/24 + 6*x**2. What is q(z)?
7
Let n(a) = a**3 + 5*a**2 - 4*a + 8. Suppose -4*k = -3*q - 66 - 11, 5*k - 5*q - 95 = 0. Suppose -29*i = -85*i + 168. Suppose k = i*v + 38. Calculate n(v).
-4
Let z(q) = -5*q + 5. Let h be ((-8)/21*-6)/(4/14). Let m(p) = p**2 - 12*p + 36. Let o be m(h). Calculate z(o).
-15
Let b(o) = o**2 + o - 1. Let t = -6 - -8. Suppose -245*z + 48 = -221*z. Suppose -z = 2*r - 4*h, 2*r + 4*h + t = 8. Calculate b(r).
1
Let k(u) = -u**2 - 6*u + 2. Suppose -60 = -4*d + 5*m, 5*d + 0*m - 75 = -2*m. Suppose d*b + b = -32. Let o(p) = 5*p + 5. Let l be o(b). Give k(l).
7
Let w(f) = 2*f**2 - 134*f - 46. Let q(x) = -18*x - 3. Let s(j) = 6*q(j) - w(j). Give s(14).
0
Let l(b) be the second derivative of -b**3/6 - 3*b**2/2 - 234*b + 1. What is l(4)?
-7
Let a(w) = 4*w**2 + 4*w + 2. Let z(n) = 4*n**2 + 6*n + 2. Let g(k) = 3*a(k) - 2*z(k). Give g(1).
6
Suppose -16*s = -3*s - 182. Suppose 11 = 3*t - k, 5*k + s - 1 = t. Suppose t*n = -5*j + 3*j + 20, 0 = 5*j + 10. Let p(r) = r**2 - 7*r - 4. What is p(n)?
4
Let w be ((-21)/(-9))/(2/6). Let t = w + -13. Let y(b) be the second derivative of b**5/20 + b**4/2 - b**3/6 - 2*b**2 + b - 207. Give y(t).
2
Suppose -24 = 4*r - 4*w + 32, -4*r - 23 = -w. Let m(i) be the third derivative of i**5/30 + i**4/24 - i**3/2 - i**2. Give m(r).
12
Let o(b) = -b**3 + b**2. Let m = 28 + -26. Suppose -4*i - 6 = m*i. Let g(w) = -2*w**2 - w + 1. Let f be g(i). Determine o(f).
0
Let f(d) = -6*d**2 - d. Let x = -13 + 18. Let n be (-10)/x + 3 - -13. Let t = n + -15. Determine f(t).
-5
Let b = 182 + -182. Suppose b = -5*d + 14*d - d. Let o(w) = 2*w + 8. Determine o(d).
8
Let p(f) = f**2 + 2*f - 3. Let g(y) = y**2 - 11*y - 69. Let m(x) = g(x) - 2*p(x). Calculate m(-6).
-9
Let u(l) be the second